{"id":13,"date":"2022-03-23T13:09:32","date_gmt":"2022-03-23T13:09:32","guid":{"rendered":"https:\/\/derzelius.ro\/?page_id=13"},"modified":"2022-03-31T17:30:12","modified_gmt":"2022-03-31T17:30:12","slug":"protectia-datelor","status":"publish","type":"page","link":"https:\/\/derzelius.ro\/?page_id=13","title":{"rendered":"Protectia datelor"},"content":{"rendered":"\n<p>*Despre GDPR<br>GDPR reprezinta Regulamentul (UE) 2016\/679 al Parlamentului European \u0219i al Consiliului din 27 aprilie 2016 privind protec\u021bia persoanelor fizice \u00een ceea ce prive\u0219te prelucrarea datelor cu caracter personal \u0219i privind libera circula\u021bie a acestor date \u0219i de abrogare a Directivei 95\/46\/CE (Regulamentul general privind protec\u021bia datelor.<\/p>\n\n\n\n<p>GDRP a fost publicat \u00een Jurnalul Oficial al Uniunii Europene L119\/4 mai 2016, a intrat \u00een vigoare la 25 mai 2016 \u0219i va fi aplicabil din 25 mai 2018 la nivelul \u00eentregii Uniuni Europene.<br>GDPR contine un set de reguli menite s\u0103 ofere cet\u0103\u021benilor mai mult control asupra datelor care sunt de natur\u0103 s\u0103 \u00eei identifice.<\/p>\n\n\n\n<p> <br><em>Centrul De Cercetare Medicala Derzelius<\/em> Srl  este operator de date cu caracter personal. Toate informatiile dumneavoastre cu caracter personal tranmise spre <em>Centrul De Cercetare Medicala Derzelius<\/em>\u00a0Srl sunt utilizate strict pentru realizarea actului medical din centrele noastre aferente strict dumneavoastra. Oricand aceste date la cererea dumneavoastra pot fi anonimizate sau eliminate din bazele noastre de date.<\/p>\n\n\n\n<p>Daca accesati urmatorul link aflati mai multe..<\/p>\n\n\n\n<p><a href=\"http:\/\/eur-lex.europa.eu\/legal-content\/RO\/TXT\/?uri=CELEX%3A32016R0679\">http:\/\/eur-lex.europa.eu\/legal-content\/RO\/TXT\/?uri=CELEX%3A32016R0679<\/a><\/p>\n","protected":false},"excerpt":{"rendered":"<p>*Despre GDPRGDPR reprezinta Regulamentul (UE) 2016\/679 al Parlamentului European \u0219i al Consiliului din 27 aprilie 2016 privind protec\u021bia persoanelor fizice \u00een ceea ce prive\u0219te prelucrarea datelor cu caracter personal \u0219i privind libera circula\u021bie a acestor date \u0219i de abrogare a Directivei 95\/46\/CE (Regulamentul general privind protec\u021bia datelor. GDRP a fost publicat \u00een Jurnalul Oficial al [&hellip;]<\/p>\n","protected":false},"author":1,"featured_media":0,"parent":0,"menu_order":0,"comment_status":"closed","ping_status":"closed","template":"","meta":[],"_links":{"self":[{"href":"https:\/\/derzelius.ro\/index.php?rest_route=\/wp\/v2\/pages\/13"}],"collection":[{"href":"https:\/\/derzelius.ro\/index.php?rest_route=\/wp\/v2\/pages"}],"about":[{"href":"https:\/\/derzelius.ro\/index.php?rest_route=\/wp\/v2\/types\/page"}],"author":[{"embeddable":true,"href":"https:\/\/derzelius.ro\/index.php?rest_route=\/wp\/v2\/users\/1"}],"replies":[{"embeddable":true,"href":"https:\/\/derzelius.ro\/index.php?rest_route=%2Fwp%2Fv2%2Fcomments&post=13"}],"version-history":[{"count":2,"href":"https:\/\/derzelius.ro\/index.php?rest_route=\/wp\/v2\/pages\/13\/revisions"}],"predecessor-version":[{"id":56,"href":"https:\/\/derzelius.ro\/index.php?rest_route=\/wp\/v2\/pages\/13\/revisions\/56"}],"wp:attachment":[{"href":"https:\/\/derzelius.ro\/index.php?rest_route=%2Fwp%2Fv2%2Fmedia&parent=13"}],"curies":[{"name":"wp","href":"https:\/\/api.w.org\/{rel}","templated":true}]}}